{"id":994,"date":"2025-07-01T12:58:47","date_gmt":"2025-07-01T12:58:47","guid":{"rendered":"https:\/\/engineering.aberdare.co.za\/?page_id=994"},"modified":"2025-12-15T11:07:55","modified_gmt":"2025-12-15T11:07:55","slug":"sobre-nos","status":"publish","type":"page","link":"https:\/\/www.aberdare.co.za\/intelec\/sobre-nos\/","title":{"rendered":"Sobre n\u00f3s"},"content":{"rendered":"\t\t<div data-elementor-type=\"wp-page\" data-elementor-id=\"994\" class=\"elementor elementor-994\">\n\t\t\t\t<div class=\"elementor-element elementor-element-097b785 e-flex e-con-boxed e-con e-parent\" data-id=\"097b785\" data-element_type=\"container\" data-e-type=\"container\" data-settings=\"{&quot;background_background&quot;:&quot;classic&quot;}\">\n\t\t\t\t\t<div class=\"e-con-inner\">\n\t\t\t\t<div class=\"elementor-element elementor-element-babe59c elementor-widget elementor-widget-heading\" data-id=\"babe59c\" data-element_type=\"widget\" data-e-type=\"widget\" data-widget_type=\"heading.default\">\n\t\t\t\t<div class=\"elementor-widget-container\">\n\t\t\t\t\t<h2 class=\"elementor-heading-title elementor-size-default\">Sobre n\u00f3s<\/h2>\t\t\t\t<\/div>\n\t\t\t\t<\/div>\n\t\t\t\t\t<\/div>\n\t\t\t\t<\/div>\n\t\t<div class=\"elementor-element elementor-element-830cfce e-flex e-con-boxed e-con e-parent\" data-id=\"830cfce\" data-element_type=\"container\" data-e-type=\"container\">\n\t\t\t\t\t<div class=\"e-con-inner\">\n\t\t<div class=\"elementor-element elementor-element-dd849dc e-con-full e-flex e-con e-child\" data-id=\"dd849dc\" data-element_type=\"container\" data-e-type=\"container\">\n\t\t\t\t<div class=\"elementor-element elementor-element-cfcd127 elementor-widget elementor-widget-image\" data-id=\"cfcd127\" data-element_type=\"widget\" data-e-type=\"widget\" data-widget_type=\"image.default\">\n\t\t\t\t<div class=\"elementor-widget-container\">\n\t\t\t\t\t\t\t\t\t\t\t\t\t\t\t\t<a href=\"https:\/\/www.aberdare.co.za\/intelec\/wp-content\/uploads\/2025\/12\/IMG-20251212-WA0130.jpg\" data-elementor-open-lightbox=\"yes\" data-elementor-lightbox-title=\"IMG-20251212-WA0130\" data-e-action-hash=\"#elementor-action%3Aaction%3Dlightbox%26settings%3DeyJpZCI6MTc2OSwidXJsIjoiaHR0cHM6XC9cL3d3dy5hYmVyZGFyZS5jby56YVwvaW50ZWxlY1wvd3AtY29udGVudFwvdXBsb2Fkc1wvMjAyNVwvMTJcL0lNRy0yMDI1MTIxMi1XQTAxMzAuanBnIn0%3D\">\n\t\t\t\t\t\t\t<img fetchpriority=\"high\" decoding=\"async\" width=\"1280\" height=\"720\" src=\"https:\/\/www.aberdare.co.za\/intelec\/wp-content\/uploads\/2025\/12\/IMG-20251212-WA0130.jpg\" class=\"attachment-full size-full wp-image-1769\" alt=\"\" srcset=\"https:\/\/www.aberdare.co.za\/intelec\/wp-content\/uploads\/2025\/12\/IMG-20251212-WA0130.jpg 1280w, https:\/\/www.aberdare.co.za\/intelec\/wp-content\/uploads\/2025\/12\/IMG-20251212-WA0130-300x169.jpg 300w, https:\/\/www.aberdare.co.za\/intelec\/wp-content\/uploads\/2025\/12\/IMG-20251212-WA0130-1024x576.jpg 1024w, https:\/\/www.aberdare.co.za\/intelec\/wp-content\/uploads\/2025\/12\/IMG-20251212-WA0130-768x432.jpg 768w\" sizes=\"(max-width: 1280px) 100vw, 1280px\" \/>\t\t\t\t\t\t\t\t<\/a>\n\t\t\t\t\t\t\t\t\t\t\t\t\t\t\t<\/div>\n\t\t\t\t<\/div>\n\t\t\t\t<div class=\"elementor-element elementor-element-63ad27f elementor-widget elementor-widget-text-editor\" data-id=\"63ad27f\" data-element_type=\"widget\" data-e-type=\"widget\" data-widget_type=\"text-editor.default\">\n\t\t\t\t<div class=\"elementor-widget-container\">\n\t\t\t\t\t\t\t\t\t<p>Av Mo\u00e7ambique 9400<br \/>Maputo Mo\u00e7ambique<\/p>\t\t\t\t\t\t\t\t<\/div>\n\t\t\t\t<\/div>\n\t\t\t\t<\/div>\n\t\t\t\t\t<\/div>\n\t\t\t\t<\/div>\n\t\t<div class=\"elementor-element elementor-element-0ca0355 e-flex e-con-boxed e-con e-parent\" data-id=\"0ca0355\" data-element_type=\"container\" data-e-type=\"container\">\n\t\t\t\t\t<div class=\"e-con-inner\">\n\t\t\t\t<div class=\"elementor-element elementor-element-cbe04eb elementor-widget elementor-widget-heading\" data-id=\"cbe04eb\" data-element_type=\"widget\" data-e-type=\"widget\" data-widget_type=\"heading.default\">\n\t\t\t\t<div class=\"elementor-widget-container\">\n\t\t\t\t\t<h2 class=\"elementor-heading-title elementor-size-default\">ABERDARE INTELEC MO\u00c7AMBIQUE, LDA<\/h2>\t\t\t\t<\/div>\n\t\t\t\t<\/div>\n\t\t\t\t<div class=\"elementor-element elementor-element-2c5103d elementor-widget elementor-widget-text-editor\" data-id=\"2c5103d\" data-element_type=\"widget\" data-e-type=\"widget\" data-widget_type=\"text-editor.default\">\n\t\t\t\t<div class=\"elementor-widget-container\">\n\t\t\t\t\t\t\t\t\t<ul><li>Aberdare Intelec foi fundada em 1998<\/li><li>Estamos instalados na Av. de Mo\u00e7ambique N\u00ba 9400 -Maputo<\/li><li>Somos uma empresa com foco na qualidade de produto e servi\u00e7o oferecendo em suporte forma\u00e7\u00e3o antes, durante e ap\u00f3s o fornecimento<\/li><li>Somos fabricantes n\u00e3o s\u00f3 de cabos el\u00e9ctricos (BT, MT e AT) \u2013Cobre e Alum\u00ednio -como tamb\u00e9m de Telecomunica\u00e7\u00f5es em Cobre e Fibra \u00d3ptica<\/li><li>Dispomos de f\u00e1bricas na \u00c1frica do Sul, Espanha, Portugal e China<\/li><\/ul>\t\t\t\t\t\t\t\t<\/div>\n\t\t\t\t<\/div>\n\t\t\t\t\t<\/div>\n\t\t\t\t<\/div>\n\t\t<div class=\"elementor-element elementor-element-6e4d621 e-flex e-con-boxed e-con e-parent\" data-id=\"6e4d621\" data-element_type=\"container\" data-e-type=\"container\">\n\t\t\t\t\t<div class=\"e-con-inner\">\n\t\t<div class=\"elementor-element elementor-element-2b9ab1e e-con-full e-flex e-con e-child\" data-id=\"2b9ab1e\" data-element_type=\"container\" data-e-type=\"container\">\n\t\t\t\t<div class=\"elementor-element elementor-element-bfdf22a elementor-align-left elementor-widget elementor-widget-xpro-infolist\" data-id=\"bfdf22a\" data-element_type=\"widget\" data-e-type=\"widget\" data-widget_type=\"xpro-infolist.default\">\n\t\t\t\t<div class=\"elementor-widget-container\">\n\t\t\t\t\t<ul class=\"xpro-infolist-wrapper xpro-infolist-layout-vertical\">\n\t\t\t<li class=\"xpro-infolist-item elementor-repeater-item-f896eda\">\n\t\t\t\t\t\t\t\t\t\t<div class=\"xpro-infolist-media xpro-infolist-media-type-image\">\n\t\t\t\t\t<img decoding=\"async\" width=\"127\" height=\"127\" src=\"https:\/\/www.aberdare.co.za\/intelec\/wp-content\/uploads\/2025\/10\/1946.png\" class=\"attachment-full size-full wp-image-1585\" alt=\"\" \/>\t\t\t\t<\/div>\n\t\t\t\n\t\t\t<div class=\"xpro-infolist-content\">\n\t\t\t\t                <h2 class=\"xpro-infolist-title\"> 1946 <\/h2>\n                \t\t\t\t\t\t\t\t\t<p class=\"xpro-infolist-desc\">Fundada em PE<\/p>\n\t\t\t\t\t\t\t<\/div>\n\t\t\t\t\t<\/li>\n\t\t\t<li class=\"xpro-infolist-item elementor-repeater-item-01e80f8\">\n\t\t\t\t\t\t\t\t\t\t<div class=\"xpro-infolist-media xpro-infolist-media-type-image\">\n\t\t\t\t\t<img decoding=\"async\" width=\"127\" height=\"127\" src=\"https:\/\/www.aberdare.co.za\/intelec\/wp-content\/uploads\/2025\/10\/Maior.png\" class=\"attachment-full size-full wp-image-1590\" alt=\"\" \/>\t\t\t\t<\/div>\n\t\t\t\n\t\t\t<div class=\"xpro-infolist-content\">\n\t\t\t\t                <h2 class=\"xpro-infolist-title\"> Maior <\/h2>\n                \t\t\t\t\t\t\t\t\t<p class=\"xpro-infolist-desc\">da \u00c1frica Subsaharia Africa<\/p>\n\t\t\t\t\t\t\t<\/div>\n\t\t\t\t\t<\/li>\n\t\t\t<li class=\"xpro-infolist-item elementor-repeater-item-3923505\">\n\t\t\t\t\t\t\t\t\t\t<div class=\"xpro-infolist-media xpro-infolist-media-type-image\">\n\t\t\t\t\t<img loading=\"lazy\" decoding=\"async\" width=\"127\" height=\"127\" src=\"https:\/\/www.aberdare.co.za\/intelec\/wp-content\/uploads\/2025\/10\/Gama.png\" class=\"attachment-full size-full wp-image-1587\" alt=\"\" \/>\t\t\t\t<\/div>\n\t\t\t\n\t\t\t<div class=\"xpro-infolist-content\">\n\t\t\t\t                <h2 class=\"xpro-infolist-title\"> Gama <\/h2>\n                \t\t\t\t\t\t\t\t\t<p class=\"xpro-infolist-desc\">completa BT\/MT\/AT + Telecomunica\u00e7\u00f5es<\/p>\n\t\t\t\t\t\t\t<\/div>\n\t\t\t\t\t<\/li>\n\t\t\t<li class=\"xpro-infolist-item elementor-repeater-item-2d683b7\">\n\t\t\t\t\t\t\t\t\t\t<div class=\"xpro-infolist-media xpro-infolist-media-type-image\">\n\t\t\t\t\t<img loading=\"lazy\" decoding=\"async\" width=\"127\" height=\"127\" src=\"https:\/\/www.aberdare.co.za\/intelec\/wp-content\/uploads\/2025\/10\/Gama2.png\" class=\"attachment-full size-full wp-image-1588\" alt=\"\" \/>\t\t\t\t<\/div>\n\t\t\t\n\t\t\t<div class=\"xpro-infolist-content\">\n\t\t\t\t                <h2 class=\"xpro-infolist-title\"> Gama <\/h2>\n                \t\t\t\t\t\t\t\t\t<p class=\"xpro-infolist-desc\">completa Acredita\u00e7\u00f5es<\/p>\n\t\t\t\t\t\t\t<\/div>\n\t\t\t\t\t<\/li>\n\t\t\t<li class=\"xpro-infolist-item elementor-repeater-item-07ff57d\">\n\t\t\t\t\t\t\t\t\t\t<div class=\"xpro-infolist-media xpro-infolist-media-type-image\">\n\t\t\t\t\t<img loading=\"lazy\" decoding=\"async\" width=\"127\" height=\"127\" src=\"https:\/\/www.aberdare.co.za\/intelec\/wp-content\/uploads\/2025\/10\/Com-a-maior.png\" class=\"attachment-full size-full wp-image-1586\" alt=\"\" \/>\t\t\t\t<\/div>\n\t\t\t\n\t\t\t<div class=\"xpro-infolist-content\">\n\t\t\t\t                <h2 class=\"xpro-infolist-title\"> Com a maior <\/h2>\n                \t\t\t\t\t\t\t\t\t<p class=\"xpro-infolist-desc\">quota de mercado SA &gt;35% e Mo\u00e7ambique<\/p>\n\t\t\t\t\t\t\t<\/div>\n\t\t\t\t\t<\/li>\n\t\t\t<li class=\"xpro-infolist-item elementor-repeater-item-21663e9\">\n\t\t\t\t\t\t\t\t\t\t<div class=\"xpro-infolist-media xpro-infolist-media-type-image\">\n\t\t\t\t\t<img loading=\"lazy\" decoding=\"async\" width=\"127\" height=\"127\" src=\"https:\/\/www.aberdare.co.za\/intelec\/wp-content\/uploads\/2025\/10\/Level.png\" class=\"attachment-full size-full wp-image-1589\" alt=\"\" \/>\t\t\t\t<\/div>\n\t\t\t\n\t\t\t<div class=\"xpro-infolist-content\">\n\t\t\t\t                <h2 class=\"xpro-infolist-title\"> Level 1 <\/h2>\n                \t\t\t\t\t\t\t\t\t<p class=\"xpro-infolist-desc\">B - BBEE<\/p>\n\t\t\t\t\t\t\t<\/div>\n\t\t\t\t\t<\/li>\n\t<\/ul>\n\t\t\t\t<\/div>\n\t\t\t\t<\/div>\n\t\t\t\t<\/div>\n\t\t<div class=\"elementor-element elementor-element-42b8360 e-con-full e-flex e-con e-child\" data-id=\"42b8360\" data-element_type=\"container\" data-e-type=\"container\">\n\t\t\t\t<div class=\"elementor-element elementor-element-4a96152 elementor-widget elementor-widget-image\" data-id=\"4a96152\" data-element_type=\"widget\" data-e-type=\"widget\" data-widget_type=\"image.default\">\n\t\t\t\t<div class=\"elementor-widget-container\">\n\t\t\t\t\t\t\t\t\t\t\t\t\t\t\t<img loading=\"lazy\" decoding=\"async\" width=\"953\" height=\"953\" src=\"https:\/\/www.aberdare.co.za\/intelec\/wp-content\/uploads\/2025\/10\/iluminado-o-futuro.png\" class=\"attachment-large size-large wp-image-1584\" alt=\"\" srcset=\"https:\/\/www.aberdare.co.za\/intelec\/wp-content\/uploads\/2025\/10\/iluminado-o-futuro.png 953w, https:\/\/www.aberdare.co.za\/intelec\/wp-content\/uploads\/2025\/10\/iluminado-o-futuro-300x300.png 300w, https:\/\/www.aberdare.co.za\/intelec\/wp-content\/uploads\/2025\/10\/iluminado-o-futuro-150x150.png 150w, https:\/\/www.aberdare.co.za\/intelec\/wp-content\/uploads\/2025\/10\/iluminado-o-futuro-768x768.png 768w\" sizes=\"(max-width: 953px) 100vw, 953px\" \/>\t\t\t\t\t\t\t\t\t\t\t\t\t\t\t<\/div>\n\t\t\t\t<\/div>\n\t\t\t\t<\/div>\n\t\t\t\t\t<\/div>\n\t\t\t\t<\/div>\n\t\t<div class=\"elementor-element elementor-element-cbce9e5 e-flex e-con-boxed e-con e-parent\" data-id=\"cbce9e5\" data-element_type=\"container\" data-e-type=\"container\">\n\t\t\t\t\t<div class=\"e-con-inner\">\n\t\t\t\t<div class=\"elementor-element elementor-element-c419c60 elementor-widget elementor-widget-heading\" data-id=\"c419c60\" data-element_type=\"widget\" data-e-type=\"widget\" data-widget_type=\"heading.default\">\n\t\t\t\t<div class=\"elementor-widget-container\">\n\t\t\t\t\t<h2 class=\"elementor-heading-title elementor-size-default\">INTELEC HOLDINGS<\/h2>\t\t\t\t<\/div>\n\t\t\t\t<\/div>\n\t\t\t\t<div class=\"elementor-element elementor-element-f658d98 elementor-widget elementor-widget-heading\" data-id=\"f658d98\" data-element_type=\"widget\" data-e-type=\"widget\" data-widget_type=\"heading.default\">\n\t\t\t\t<div class=\"elementor-widget-container\">\n\t\t\t\t\t<h3 class=\"elementor-heading-title elementor-size-default\">Um grupo com energia mo\u00e7ambicana<\/h3>\t\t\t\t<\/div>\n\t\t\t\t<\/div>\n\t\t\t\t<div class=\"elementor-element elementor-element-2bfd787 elementor-widget elementor-widget-text-editor\" data-id=\"2bfd787\" data-element_type=\"widget\" data-e-type=\"widget\" data-widget_type=\"text-editor.default\">\n\t\t\t\t<div class=\"elementor-widget-container\">\n\t\t\t\t\t\t\t\t\t<p>Fundado em 1997, Intelec Holdings \u00e9 um grupo empresarial de refer\u00eancia em Mo\u00e7ambique.<\/p><p>Com forte actu\u00e7\u00e3o em sectores estrat\u00e9gicos para o crescimento do pa\u00eds, emprega no seu conjunto de empresas, mais de 2000 trabalhadores.<\/p>\t\t\t\t\t\t\t\t<\/div>\n\t\t\t\t<\/div>\n\t\t\t\t\t<\/div>\n\t\t\t\t<\/div>\n\t\t<div class=\"elementor-element elementor-element-933220e e-flex e-con-boxed e-con e-parent\" data-id=\"933220e\" data-element_type=\"container\" data-e-type=\"container\" id=\"miss\u00e3o\">\n\t\t\t\t\t<div class=\"e-con-inner\">\n\t\t<div class=\"elementor-element elementor-element-ca91c4a e-con-full e-flex e-con e-child\" data-id=\"ca91c4a\" data-element_type=\"container\" data-e-type=\"container\" data-settings=\"{&quot;background_background&quot;:&quot;classic&quot;}\">\n\t\t\t\t<div class=\"elementor-element elementor-element-b10af49 eael-dual-header-content-align-center elementor-widget elementor-widget-eael-dual-color-header\" data-id=\"b10af49\" data-element_type=\"widget\" data-e-type=\"widget\" data-widget_type=\"eael-dual-color-header.default\">\n\t\t\t\t<div class=\"elementor-widget-container\">\n\t\t\t\t\t\t\t\t<div class=\"eael-dual-header\">\n\t\t\t\t<h2 class=\"title eael-dch-title\"><span class=\"eael-dch-title-text eael-dch-title-lead lead solid-color\">NOSSA<\/span> <span class=\"eael-dch-title-text\">VIS\u00c3O<\/span><\/h2>\t\t\t\t\t<span class=\"subtext\"><p>Produtos de Interconex\u00e3o Inteligente<\/p><p>Produtos e Servi\u00e7os de Interconex\u00e3o em \u00c1frica<\/p><\/span>\n\t\t\t\t\t\t\t\t\t<span class=\"eael-dch-svg-icon\"><\/span>\t\t\t\t\t\t\t<\/div>\n\n\t\t\t\t\t\t<\/div>\n\t\t\t\t<\/div>\n\t\t\t\t<\/div>\n\t\t<div class=\"elementor-element elementor-element-dd60c50 e-con-full e-flex e-con e-child\" data-id=\"dd60c50\" data-element_type=\"container\" data-e-type=\"container\" data-settings=\"{&quot;background_background&quot;:&quot;classic&quot;}\">\n\t\t\t\t<div class=\"elementor-element elementor-element-fda0453 eael-dual-header-content-align-center elementor-widget elementor-widget-eael-dual-color-header\" data-id=\"fda0453\" data-element_type=\"widget\" data-e-type=\"widget\" data-widget_type=\"eael-dual-color-header.default\">\n\t\t\t\t<div class=\"elementor-widget-container\">\n\t\t\t\t\t\t\t\t<div class=\"eael-dual-header\">\n\t\t\t\t<h2 class=\"title eael-dch-title\"><span class=\"eael-dch-title-text eael-dch-title-lead lead solid-color\">NOSSA<\/span> <span class=\"eael-dch-title-text\">MISS\u00c3O<\/span><\/h2>\t\t\t\t\t<span class=\"subtext\"><p>COM OS NOSSOS FUNCION\u00c1RIOS<br \/><strong>ALTAMENTE TREINADOS<\/strong> E <strong>DEDICADOS<\/strong>:<\/p><p>\u2022 Excel\u00eancia na rela\u00e7\u00e3o<br \/>\u2022 Oferta de produtos com qualidade excepcional<br \/>\u2022 Solu\u00e7\u00f5es adequadas a cada situa\u00e7\u00e3o<br \/>\u2022 Produtos Inovadores<br \/>\u2022 Servi\u00e7os com valor acrescentado<\/p><\/span>\n\t\t\t\t\t\t\t\t\t<span class=\"eael-dch-svg-icon\"><\/span>\t\t\t\t\t\t\t<\/div>\n\n\t\t\t\t\t\t<\/div>\n\t\t\t\t<\/div>\n\t\t\t\t<\/div>\n\t\t\t\t\t<\/div>\n\t\t\t\t<\/div>\n\t\t<div class=\"elementor-element elementor-element-4403e7e e-flex e-con-boxed e-con e-parent\" data-id=\"4403e7e\" data-element_type=\"container\" data-e-type=\"container\">\n\t\t\t\t\t<div class=\"e-con-inner\">\n\t\t\t\t<div class=\"elementor-element elementor-element-44fac57 elementor-widget elementor-widget-heading\" data-id=\"44fac57\" data-element_type=\"widget\" data-e-type=\"widget\" data-widget_type=\"heading.default\">\n\t\t\t\t<div class=\"elementor-widget-container\">\n\t\t\t\t\t<h2 class=\"elementor-heading-title elementor-size-default\">Nossos Valores (TIER 1)<\/h2>\t\t\t\t<\/div>\n\t\t\t\t<\/div>\n\t\t\t\t\t<\/div>\n\t\t\t\t<\/div>\n\t\t<div class=\"elementor-element elementor-element-105d0d3 e-flex e-con-boxed e-con e-parent\" data-id=\"105d0d3\" data-element_type=\"container\" data-e-type=\"container\">\n\t\t\t\t\t<div class=\"e-con-inner\">\n\t\t<div class=\"elementor-element elementor-element-6c5e995 e-con-full e-flex e-con e-child\" data-id=\"6c5e995\" data-element_type=\"container\" data-e-type=\"container\">\n\t\t\t\t<div class=\"elementor-element elementor-element-19741ac elementor-align-left elementor-widget elementor-widget-xpro-infolist\" data-id=\"19741ac\" data-element_type=\"widget\" data-e-type=\"widget\" data-widget_type=\"xpro-infolist.default\">\n\t\t\t\t<div class=\"elementor-widget-container\">\n\t\t\t\t\t<ul class=\"xpro-infolist-wrapper xpro-infolist-layout-vertical\">\n\t\t\t<li class=\"xpro-infolist-item elementor-repeater-item-f896eda\">\n\t\t\t\t\t\t\t\t\t\t<div class=\"xpro-infolist-media xpro-infolist-media-type-image\">\n\t\t\t\t\t<img loading=\"lazy\" decoding=\"async\" width=\"310\" height=\"199\" src=\"https:\/\/www.aberdare.co.za\/intelec\/wp-content\/uploads\/2025\/10\/TRABALHO-EM-EQUIPE.png\" class=\"attachment-full size-full wp-image-1602\" alt=\"\" srcset=\"https:\/\/www.aberdare.co.za\/intelec\/wp-content\/uploads\/2025\/10\/TRABALHO-EM-EQUIPE.png 310w, https:\/\/www.aberdare.co.za\/intelec\/wp-content\/uploads\/2025\/10\/TRABALHO-EM-EQUIPE-300x193.png 300w\" sizes=\"(max-width: 310px) 100vw, 310px\" \/>\t\t\t\t<\/div>\n\t\t\t\n\t\t\t<div class=\"xpro-infolist-content\">\n\t\t\t\t                <h2 class=\"xpro-infolist-title\"> TRABALHO EM EQUIPE <\/h2>\n                \t\t\t\t\t\t\t<\/div>\n\t\t\t\t\t<\/li>\n\t\t\t<li class=\"xpro-infolist-item elementor-repeater-item-01e80f8\">\n\t\t\t\t\t\t\t\t\t\t<div class=\"xpro-infolist-media xpro-infolist-media-type-image\">\n\t\t\t\t\t<img loading=\"lazy\" decoding=\"async\" width=\"310\" height=\"199\" src=\"https:\/\/www.aberdare.co.za\/intelec\/wp-content\/uploads\/2025\/10\/INTEGRIDADE.png\" class=\"attachment-full size-full wp-image-1600\" alt=\"\" srcset=\"https:\/\/www.aberdare.co.za\/intelec\/wp-content\/uploads\/2025\/10\/INTEGRIDADE.png 310w, https:\/\/www.aberdare.co.za\/intelec\/wp-content\/uploads\/2025\/10\/INTEGRIDADE-300x193.png 300w\" sizes=\"(max-width: 310px) 100vw, 310px\" \/>\t\t\t\t<\/div>\n\t\t\t\n\t\t\t<div class=\"xpro-infolist-content\">\n\t\t\t\t                <h2 class=\"xpro-infolist-title\"> INTEGRIDADE <\/h2>\n                \t\t\t\t\t\t\t<\/div>\n\t\t\t\t\t<\/li>\n\t\t\t<li class=\"xpro-infolist-item elementor-repeater-item-3923505\">\n\t\t\t\t\t\t\t\t\t\t<div class=\"xpro-infolist-media xpro-infolist-media-type-image\">\n\t\t\t\t\t<img loading=\"lazy\" decoding=\"async\" width=\"310\" height=\"199\" src=\"https:\/\/www.aberdare.co.za\/intelec\/wp-content\/uploads\/2025\/10\/EXCELENCIA.png\" class=\"attachment-full size-full wp-image-1599\" alt=\"\" srcset=\"https:\/\/www.aberdare.co.za\/intelec\/wp-content\/uploads\/2025\/10\/EXCELENCIA.png 310w, https:\/\/www.aberdare.co.za\/intelec\/wp-content\/uploads\/2025\/10\/EXCELENCIA-300x193.png 300w\" sizes=\"(max-width: 310px) 100vw, 310px\" \/>\t\t\t\t<\/div>\n\t\t\t\n\t\t\t<div class=\"xpro-infolist-content\">\n\t\t\t\t                <h2 class=\"xpro-infolist-title\"> EXCEL\u00caNCIA <\/h2>\n                \t\t\t\t\t\t\t<\/div>\n\t\t\t\t\t<\/li>\n\t\t\t<li class=\"xpro-infolist-item elementor-repeater-item-2d683b7\">\n\t\t\t\t\t\t\t\t\t\t<div class=\"xpro-infolist-media xpro-infolist-media-type-image\">\n\t\t\t\t\t<img loading=\"lazy\" decoding=\"async\" width=\"310\" height=\"199\" src=\"https:\/\/www.aberdare.co.za\/intelec\/wp-content\/uploads\/2025\/10\/RESPONSABILIDADE.png\" class=\"attachment-full size-full wp-image-1601\" alt=\"\" srcset=\"https:\/\/www.aberdare.co.za\/intelec\/wp-content\/uploads\/2025\/10\/RESPONSABILIDADE.png 310w, https:\/\/www.aberdare.co.za\/intelec\/wp-content\/uploads\/2025\/10\/RESPONSABILIDADE-300x193.png 300w\" sizes=\"(max-width: 310px) 100vw, 310px\" \/>\t\t\t\t<\/div>\n\t\t\t\n\t\t\t<div class=\"xpro-infolist-content\">\n\t\t\t\t                <h2 class=\"xpro-infolist-title\"> RESPONSABILIDADE <\/h2>\n                \t\t\t\t\t\t\t<\/div>\n\t\t\t\t\t<\/li>\n\t\t\t<li class=\"xpro-infolist-item elementor-repeater-item-07ff57d\">\n\t\t\t\t\t\t\t\t\t\t<div class=\"xpro-infolist-media xpro-infolist-media-type-image\">\n\t\t\t\t\t<img loading=\"lazy\" decoding=\"async\" width=\"310\" height=\"199\" src=\"https:\/\/www.aberdare.co.za\/intelec\/wp-content\/uploads\/2025\/10\/1INOVACAO.png\" class=\"attachment-full size-full wp-image-1598\" alt=\"\" srcset=\"https:\/\/www.aberdare.co.za\/intelec\/wp-content\/uploads\/2025\/10\/1INOVACAO.png 310w, https:\/\/www.aberdare.co.za\/intelec\/wp-content\/uploads\/2025\/10\/1INOVACAO-300x193.png 300w\" sizes=\"(max-width: 310px) 100vw, 310px\" \/>\t\t\t\t<\/div>\n\t\t\t\n\t\t\t<div class=\"xpro-infolist-content\">\n\t\t\t\t                <h2 class=\"xpro-infolist-title\"> 1INOVA\u00c7\u00c3O <\/h2>\n                \t\t\t\t\t\t\t<\/div>\n\t\t\t\t\t<\/li>\n\t<\/ul>\n\t\t\t\t<\/div>\n\t\t\t\t<\/div>\n\t\t\t\t<\/div>\n\t\t<div class=\"elementor-element elementor-element-b79a578 e-con-full e-flex e-con e-child\" data-id=\"b79a578\" data-element_type=\"container\" data-e-type=\"container\">\n\t\t\t\t<div class=\"elementor-element elementor-element-69124b8 elementor-widget elementor-widget-image\" data-id=\"69124b8\" data-element_type=\"widget\" data-e-type=\"widget\" data-widget_type=\"image.default\">\n\t\t\t\t<div class=\"elementor-widget-container\">\n\t\t\t\t\t\t\t\t\t\t\t\t\t\t\t<img loading=\"lazy\" decoding=\"async\" width=\"953\" height=\"953\" src=\"https:\/\/www.aberdare.co.za\/intelec\/wp-content\/uploads\/2025\/10\/iluminado-o-futuro.png\" class=\"attachment-large size-large wp-image-1584\" alt=\"\" srcset=\"https:\/\/www.aberdare.co.za\/intelec\/wp-content\/uploads\/2025\/10\/iluminado-o-futuro.png 953w, https:\/\/www.aberdare.co.za\/intelec\/wp-content\/uploads\/2025\/10\/iluminado-o-futuro-300x300.png 300w, https:\/\/www.aberdare.co.za\/intelec\/wp-content\/uploads\/2025\/10\/iluminado-o-futuro-150x150.png 150w, https:\/\/www.aberdare.co.za\/intelec\/wp-content\/uploads\/2025\/10\/iluminado-o-futuro-768x768.png 768w\" sizes=\"(max-width: 953px) 100vw, 953px\" \/>\t\t\t\t\t\t\t\t\t\t\t\t\t\t\t<\/div>\n\t\t\t\t<\/div>\n\t\t\t\t<\/div>\n\t\t\t\t\t<\/div>\n\t\t\t\t<\/div>\n\t\t\t\t<\/div>\n\t\t","protected":false},"excerpt":{"rendered":"<p>Sobre n\u00f3s Av Mo\u00e7ambique 9400Maputo Mo\u00e7ambique ABERDARE INTELEC MO\u00c7AMBIQUE, LDA Aberdare Intelec foi fundada em 1998 Estamos instalados na Av. [&hellip;]<\/p>\n","protected":false},"author":1,"featured_media":0,"parent":0,"menu_order":0,"comment_status":"closed","ping_status":"closed","template":"","meta":{"site-sidebar-layout":"no-sidebar","site-content-layout":"","ast-site-content-layout":"full-width-container","site-content-style":"default","site-sidebar-style":"default","ast-global-header-display":"","ast-banner-title-visibility":"","ast-main-header-display":"","ast-hfb-above-header-display":"","ast-hfb-below-header-display":"","ast-hfb-mobile-header-display":"","site-post-title":"disabled","ast-breadcrumbs-content":"","ast-featured-img":"disabled","footer-sml-layout":"","ast-disable-related-posts":"","theme-transparent-header-meta":"default","adv-header-id-meta":"","stick-header-meta":"","header-above-stick-meta":"","header-main-stick-meta":"","header-below-stick-meta":"","astra-migrate-meta-layouts":"set","ast-page-background-enabled":"default","ast-page-background-meta":{"desktop":{"background-color":"var(--ast-global-color-5)","background-image":"","background-repeat":"repeat","background-position":"center center","background-size":"auto","background-attachment":"scroll","background-type":"","background-media":"","overlay-type":"","overlay-color":"","overlay-opacity":"","overlay-gradient":""},"tablet":{"background-color":"","background-image":"","background-repeat":"repeat","background-position":"center center","background-size":"auto","background-attachment":"scroll","background-type":"","background-media":"","overlay-type":"","overlay-color":"","overlay-opacity":"","overlay-gradient":""},"mobile":{"background-color":"","background-image":"","background-repeat":"repeat","background-position":"center center","background-size":"auto","background-attachment":"scroll","background-type":"","background-media":"","overlay-type":"","overlay-color":"","overlay-opacity":"","overlay-gradient":""}},"ast-content-background-meta":{"desktop":{"background-color":"var(--ast-global-color-4)","background-image":"","background-repeat":"repeat","background-position":"center center","background-size":"auto","background-attachment":"scroll","background-type":"","background-media":"","overlay-type":"","overlay-color":"","overlay-opacity":"","overlay-gradient":""},"tablet":{"background-color":"var(--ast-global-color-4)","background-image":"","background-repeat":"repeat","background-position":"center center","background-size":"auto","background-attachment":"scroll","background-type":"","background-media":"","overlay-type":"","overlay-color":"","overlay-opacity":"","overlay-gradient":""},"mobile":{"background-color":"var(--ast-global-color-4)","background-image":"","background-repeat":"repeat","background-position":"center center","background-size":"auto","background-attachment":"scroll","background-type":"","background-media":"","overlay-type":"","overlay-color":"","overlay-opacity":"","overlay-gradient":""}},"footnotes":""},"class_list":["post-994","page","type-page","status-publish","hentry"],"rttpg_featured_image_url":null,"rttpg_author":{"display_name":"Aberdare","author_link":"https:\/\/www.aberdare.co.za\/intelec\/author\/hughp\/"},"rttpg_comment":0,"rttpg_category":null,"rttpg_excerpt":"Sobre n\u00f3s Av Mo\u00e7ambique 9400Maputo Mo\u00e7ambique ABERDARE INTELEC MO\u00c7AMBIQUE, LDA Aberdare Intelec foi fundada em 1998 Estamos instalados na Av. [&hellip;]","_links":{"self":[{"href":"https:\/\/www.aberdare.co.za\/intelec\/wp-json\/wp\/v2\/pages\/994","targetHints":{"allow":["GET"]}}],"collection":[{"href":"https:\/\/www.aberdare.co.za\/intelec\/wp-json\/wp\/v2\/pages"}],"about":[{"href":"https:\/\/www.aberdare.co.za\/intelec\/wp-json\/wp\/v2\/types\/page"}],"author":[{"embeddable":true,"href":"https:\/\/www.aberdare.co.za\/intelec\/wp-json\/wp\/v2\/users\/1"}],"replies":[{"embeddable":true,"href":"https:\/\/www.aberdare.co.za\/intelec\/wp-json\/wp\/v2\/comments?post=994"}],"version-history":[{"count":70,"href":"https:\/\/www.aberdare.co.za\/intelec\/wp-json\/wp\/v2\/pages\/994\/revisions"}],"predecessor-version":[{"id":1783,"href":"https:\/\/www.aberdare.co.za\/intelec\/wp-json\/wp\/v2\/pages\/994\/revisions\/1783"}],"wp:attachment":[{"href":"https:\/\/www.aberdare.co.za\/intelec\/wp-json\/wp\/v2\/media?parent=994"}],"curies":[{"name":"wp","href":"https:\/\/api.w.org\/{rel}","templated":true}]}}