{"id":989,"date":"2025-07-01T12:54:53","date_gmt":"2025-07-01T12:54:53","guid":{"rendered":"https:\/\/engineering.aberdare.co.za\/?page_id=989"},"modified":"2025-12-22T04:45:01","modified_gmt":"2025-12-22T04:45:01","slug":"aberdare","status":"publish","type":"page","link":"https:\/\/www.aberdare.co.za\/intelec\/","title":{"rendered":"Aberdare Intelec"},"content":{"rendered":"\t\t<div data-elementor-type=\"wp-page\" data-elementor-id=\"989\" class=\"elementor elementor-989\">\n\t\t\t\t<div class=\"elementor-element elementor-element-be5237d e-con-full e-flex e-con e-parent\" data-id=\"be5237d\" data-element_type=\"container\" data-e-type=\"container\" data-settings=\"{&quot;background_background&quot;:&quot;classic&quot;}\">\n\t\t\t\t<div class=\"elementor-element elementor-element-6ba457e elementor-widget elementor-widget-image\" data-id=\"6ba457e\" data-element_type=\"widget\" data-e-type=\"widget\" data-widget_type=\"image.default\">\n\t\t\t\t<div class=\"elementor-widget-container\">\n\t\t\t\t\t\t\t\t\t\t\t\t\t\t\t<img fetchpriority=\"high\" decoding=\"async\" width=\"2560\" height=\"1015\" src=\"https:\/\/www.aberdare.co.za\/intelec\/wp-content\/uploads\/2025\/10\/MAIN-SLIDER-scaled.webp\" class=\"attachment-full size-full wp-image-1612\" alt=\"\" srcset=\"https:\/\/www.aberdare.co.za\/intelec\/wp-content\/uploads\/2025\/10\/MAIN-SLIDER-scaled.webp 2560w, https:\/\/www.aberdare.co.za\/intelec\/wp-content\/uploads\/2025\/10\/MAIN-SLIDER-300x119.webp 300w, https:\/\/www.aberdare.co.za\/intelec\/wp-content\/uploads\/2025\/10\/MAIN-SLIDER-1024x406.webp 1024w, https:\/\/www.aberdare.co.za\/intelec\/wp-content\/uploads\/2025\/10\/MAIN-SLIDER-768x305.webp 768w, https:\/\/www.aberdare.co.za\/intelec\/wp-content\/uploads\/2025\/10\/MAIN-SLIDER-1536x609.webp 1536w, https:\/\/www.aberdare.co.za\/intelec\/wp-content\/uploads\/2025\/10\/MAIN-SLIDER-2048x812.webp 2048w\" sizes=\"(max-width: 2560px) 100vw, 2560px\" \/>\t\t\t\t\t\t\t\t\t\t\t\t\t\t\t<\/div>\n\t\t\t\t<\/div>\n\t\t\t\t<\/div>\n\t\t<div class=\"elementor-element elementor-element-a24b8e0 e-flex e-con-boxed e-con e-parent\" data-id=\"a24b8e0\" data-element_type=\"container\" data-e-type=\"container\">\n\t\t\t\t\t<div class=\"e-con-inner\">\n\t\t<div class=\"elementor-element elementor-element-97d4b2a e-con-full e-flex e-con e-child\" data-id=\"97d4b2a\" data-element_type=\"container\" data-e-type=\"container\">\n\t\t\t\t<div class=\"elementor-element elementor-element-7cc1d3e elementor-widget elementor-widget-video\" data-id=\"7cc1d3e\" data-element_type=\"widget\" data-e-type=\"widget\" data-settings=\"{&quot;video_type&quot;:&quot;hosted&quot;,&quot;controls&quot;:&quot;yes&quot;}\" data-widget_type=\"video.default\">\n\t\t\t\t<div class=\"elementor-widget-container\">\n\t\t\t\t\t\t\t<div class=\"e-hosted-video elementor-wrapper elementor-open-inline\">\n\t\t\t\t\t<video class=\"elementor-video\" src=\"https:\/\/www.aberdare.co.za\/intelec\/wp-content\/uploads\/2025\/10\/Intelec-VIDEO-PROMOCIONAL-2025.mp4\" controls=\"\" preload=\"metadata\" controlsList=\"nodownload\"><\/video>\n\t\t\t\t<\/div>\n\t\t\t\t\t\t<\/div>\n\t\t\t\t<\/div>\n\t\t\t\t<\/div>\n\t\t<div class=\"elementor-element elementor-element-91f3454 e-con-full e-flex e-con e-child\" data-id=\"91f3454\" data-element_type=\"container\" data-e-type=\"container\">\n\t\t\t\t<div class=\"elementor-element elementor-element-e2c8cf5 elementor-widget elementor-widget-text-editor\" data-id=\"e2c8cf5\" data-element_type=\"widget\" data-e-type=\"widget\" data-widget_type=\"text-editor.default\">\n\t\t\t\t<div class=\"elementor-widget-container\">\n\t\t\t\t\t\t\t\t\t<p>Somos uma empresa com foco na qualidade de produto e servi\u00e7o oferecendo em suporte forma\u00e7\u00e3o antes, durante e ap\u00f3s o fornecimento<\/p><p>Somos fabricantes n\u00e3o s\u00f3 de cabos el\u00e9ctricos (BT, MT e AT) \u2013Cobre e Alum\u00ednio -como tamb\u00e9m de Telecomunica\u00e7\u00f5es em Cobre e Fibra \u00d3ptica<\/p>\t\t\t\t\t\t\t\t<\/div>\n\t\t\t\t<\/div>\n\t\t\t\t<\/div>\n\t\t\t\t\t<\/div>\n\t\t\t\t<\/div>\n\t\t<div class=\"elementor-element elementor-element-0e0a667 e-flex e-con-boxed e-con e-parent\" data-id=\"0e0a667\" data-element_type=\"container\" data-e-type=\"container\">\n\t\t\t\t\t<div class=\"e-con-inner\">\n\t\t\t\t<div class=\"elementor-element elementor-element-e683131 elementor-widget elementor-widget-heading\" data-id=\"e683131\" data-element_type=\"widget\" data-e-type=\"widget\" data-widget_type=\"heading.default\">\n\t\t\t\t<div class=\"elementor-widget-container\">\n\t\t\t\t\t<h2 class=\"elementor-heading-title elementor-size-default\">Nossas Afiliadas<\/h2>\t\t\t\t<\/div>\n\t\t\t\t<\/div>\n\t\t\t\t<div class=\"elementor-element elementor-element-20a3249 elementor-arrows-position-inside elementor-pagination-position-outside elementor-widget elementor-widget-image-carousel\" data-id=\"20a3249\" data-element_type=\"widget\" data-e-type=\"widget\" data-settings=\"{&quot;slides_to_show&quot;:&quot;6&quot;,&quot;slides_to_scroll&quot;:&quot;1&quot;,&quot;image_spacing_custom&quot;:{&quot;unit&quot;:&quot;px&quot;,&quot;size&quot;:30,&quot;sizes&quot;:[]},&quot;navigation&quot;:&quot;both&quot;,&quot;autoplay&quot;:&quot;yes&quot;,&quot;pause_on_hover&quot;:&quot;yes&quot;,&quot;pause_on_interaction&quot;:&quot;yes&quot;,&quot;autoplay_speed&quot;:5000,&quot;infinite&quot;:&quot;yes&quot;,&quot;speed&quot;:500,&quot;image_spacing_custom_tablet&quot;:{&quot;unit&quot;:&quot;px&quot;,&quot;size&quot;:&quot;&quot;,&quot;sizes&quot;:[]},&quot;image_spacing_custom_mobile&quot;:{&quot;unit&quot;:&quot;px&quot;,&quot;size&quot;:&quot;&quot;,&quot;sizes&quot;:[]}}\" data-widget_type=\"image-carousel.default\">\n\t\t\t\t<div class=\"elementor-widget-container\">\n\t\t\t\t\t            <div class=\"elementor-image-carousel-wrapper swiper\" role=\"region\" aria-roledescription=\"carousel\" aria-label=\"Image Carousel\" dir=\"ltr\">\n                <div class=\"elementor-image-carousel swiper-wrapper\" aria-live=\"off\">\n\t\t\t\t\t\t\t\t\t\t<div class=\"swiper-slide\"><a data-elementor-open-lightbox=\"no\" href=\"https:\/\/www.aberdare.co.za\/intelec\/wp-content\/uploads\/2025\/10\/sf-holfing.webp\"><figure class=\"swiper-slide-inner\"><img decoding=\"async\" class=\"swiper-slide-image\" src=\"https:\/\/www.aberdare.co.za\/intelec\/wp-content\/uploads\/2025\/10\/sf-holfing.webp\" alt=\"sf holfing\" \/><\/figure><\/a><\/div><div class=\"swiper-slide\"><a data-elementor-open-lightbox=\"no\" href=\"https:\/\/www.aberdare.co.za\/intelec\/wp-content\/uploads\/2025\/10\/cis.webp\"><figure class=\"swiper-slide-inner\"><img decoding=\"async\" class=\"swiper-slide-image\" src=\"https:\/\/www.aberdare.co.za\/intelec\/wp-content\/uploads\/2025\/10\/cis.webp\" alt=\"cis\" \/><\/figure><\/a><\/div><div class=\"swiper-slide\"><a data-elementor-open-lightbox=\"no\" href=\"https:\/\/www.aberdare.co.za\/intelec\/wp-content\/uploads\/2025\/10\/cmh.webp\"><figure class=\"swiper-slide-inner\"><img decoding=\"async\" class=\"swiper-slide-image\" src=\"https:\/\/www.aberdare.co.za\/intelec\/wp-content\/uploads\/2025\/10\/cmh.webp\" alt=\"cmh\" \/><\/figure><\/a><\/div><div class=\"swiper-slide\"><a data-elementor-open-lightbox=\"no\" href=\"https:\/\/www.aberdare.co.za\/intelec\/wp-content\/uploads\/2025\/10\/mgc.webp\"><figure class=\"swiper-slide-inner\"><img decoding=\"async\" class=\"swiper-slide-image\" src=\"https:\/\/www.aberdare.co.za\/intelec\/wp-content\/uploads\/2025\/10\/mgc.webp\" alt=\"mgc\" \/><\/figure><\/a><\/div><div class=\"swiper-slide\"><a data-elementor-open-lightbox=\"no\" href=\"https:\/\/www.aberdare.co.za\/intelec\/wp-content\/uploads\/2025\/10\/mcm.webp\"><figure class=\"swiper-slide-inner\"><img decoding=\"async\" class=\"swiper-slide-image\" src=\"https:\/\/www.aberdare.co.za\/intelec\/wp-content\/uploads\/2025\/10\/mcm.webp\" alt=\"mcm\" \/><\/figure><\/a><\/div><div class=\"swiper-slide\"><a data-elementor-open-lightbox=\"no\" href=\"https:\/\/www.aberdare.co.za\/intelec\/wp-content\/uploads\/2025\/10\/wanza.webp\"><figure class=\"swiper-slide-inner\"><img decoding=\"async\" class=\"swiper-slide-image\" src=\"https:\/\/www.aberdare.co.za\/intelec\/wp-content\/uploads\/2025\/10\/wanza.webp\" alt=\"wanza\" \/><\/figure><\/a><\/div><div class=\"swiper-slide\"><a data-elementor-open-lightbox=\"no\" href=\"https:\/\/www.aberdare.co.za\/intelec\/wp-content\/uploads\/2025\/10\/caetano.webp\"><figure class=\"swiper-slide-inner\"><img decoding=\"async\" class=\"swiper-slide-image\" src=\"https:\/\/www.aberdare.co.za\/intelec\/wp-content\/uploads\/2025\/10\/caetano.webp\" alt=\"caetano\" \/><\/figure><\/a><\/div><div class=\"swiper-slide\"><a data-elementor-open-lightbox=\"no\" href=\"https:\/\/www.aberdare.co.za\/intelec\/wp-content\/uploads\/2025\/10\/nedbank.webp\"><figure class=\"swiper-slide-inner\"><img decoding=\"async\" class=\"swiper-slide-image\" src=\"https:\/\/www.aberdare.co.za\/intelec\/wp-content\/uploads\/2025\/10\/nedbank.webp\" alt=\"nedbank\" \/><\/figure><\/a><\/div><div class=\"swiper-slide\"><a data-elementor-open-lightbox=\"no\" href=\"https:\/\/www.aberdare.co.za\/intelec\/wp-content\/uploads\/2025\/10\/vodacom.webp\"><figure class=\"swiper-slide-inner\"><img decoding=\"async\" class=\"swiper-slide-image\" src=\"https:\/\/www.aberdare.co.za\/intelec\/wp-content\/uploads\/2025\/10\/vodacom.webp\" alt=\"vodacom\" \/><\/figure><\/a><\/div><div class=\"swiper-slide\"><a data-elementor-open-lightbox=\"no\" href=\"https:\/\/www.aberdare.co.za\/intelec\/wp-content\/uploads\/2025\/10\/questcom.webp\"><figure class=\"swiper-slide-inner\"><img decoding=\"async\" class=\"swiper-slide-image\" src=\"https:\/\/www.aberdare.co.za\/intelec\/wp-content\/uploads\/2025\/10\/questcom.webp\" alt=\"questcom\" \/><\/figure><\/a><\/div><div class=\"swiper-slide\"><a data-elementor-open-lightbox=\"no\" href=\"https:\/\/www.aberdare.co.za\/intelec\/wp-content\/uploads\/2025\/10\/gigawatt.webp\"><figure class=\"swiper-slide-inner\"><img decoding=\"async\" class=\"swiper-slide-image\" src=\"https:\/\/www.aberdare.co.za\/intelec\/wp-content\/uploads\/2025\/10\/gigawatt.webp\" alt=\"gigawatt\" \/><\/figure><\/a><\/div><div class=\"swiper-slide\"><a data-elementor-open-lightbox=\"no\" href=\"https:\/\/www.aberdare.co.za\/intelec\/wp-content\/uploads\/2025\/10\/electro-sul-lda.webp\"><figure class=\"swiper-slide-inner\"><img decoding=\"async\" class=\"swiper-slide-image\" src=\"https:\/\/www.aberdare.co.za\/intelec\/wp-content\/uploads\/2025\/10\/electro-sul-lda.webp\" alt=\"electro sul lda\" \/><\/figure><\/a><\/div><div class=\"swiper-slide\"><a data-elementor-open-lightbox=\"no\" href=\"https:\/\/www.aberdare.co.za\/intelec\/wp-content\/uploads\/2025\/10\/comserv.webp\"><figure class=\"swiper-slide-inner\"><img decoding=\"async\" class=\"swiper-slide-image\" src=\"https:\/\/www.aberdare.co.za\/intelec\/wp-content\/uploads\/2025\/10\/comserv.webp\" alt=\"comserv\" \/><\/figure><\/a><\/div><div class=\"swiper-slide\"><a data-elementor-open-lightbox=\"no\" href=\"https:\/\/www.aberdare.co.za\/intelec\/wp-content\/uploads\/2025\/10\/electrotec.webp\"><figure class=\"swiper-slide-inner\"><img decoding=\"async\" class=\"swiper-slide-image\" src=\"https:\/\/www.aberdare.co.za\/intelec\/wp-content\/uploads\/2025\/10\/electrotec.webp\" alt=\"electrotec\" \/><\/figure><\/a><\/div>                <\/div>\n\t\t\t\t\t\t\t\t\t                        <div class=\"swiper-pagination\"><\/div>\n\t\t\t\t\t\t\t\t\t\t                        <div class=\"elementor-swiper-button elementor-swiper-button-prev\">\n                            <i class=\"eicon-chevron-left\" aria-hidden=\"true\"><\/i>\n                            <span class=\"elementor-screen-only\">Previous<\/span>\n                        <\/div>\n                        <div class=\"elementor-swiper-button elementor-swiper-button-next\">\n                            <i class=\"eicon-chevron-right\" aria-hidden=\"true\"><\/i>\n                            <span class=\"elementor-screen-only\">Next<\/span>\n                        <\/div>\n\t\t\t\t\t\t\t\t\t            <\/div>\n\t\t\t\t\t\t\t<\/div>\n\t\t\t\t<\/div>\n\t\t\t\t\t<\/div>\n\t\t\t\t<\/div>\n\t\t\t\t<\/div>\n\t\t","protected":false},"excerpt":{"rendered":"<p>https:\/\/www.aberdare.co.za\/intelec\/wp-content\/uploads\/2025\/10\/Intelec-VIDEO-PROMOCIONAL-2025.mp4 Somos uma empresa com foco na qualidade de produto e servi\u00e7o oferecendo em suporte forma\u00e7\u00e3o antes, durante e ap\u00f3s [&hellip;]<\/p>\n","protected":false},"author":1,"featured_media":0,"parent":0,"menu_order":0,"comment_status":"closed","ping_status":"closed","template":"","meta":{"site-sidebar-layout":"no-sidebar","site-content-layout":"","ast-site-content-layout":"full-width-container","site-content-style":"default","site-sidebar-style":"default","ast-global-header-display":"","ast-banner-title-visibility":"","ast-main-header-display":"","ast-hfb-above-header-display":"","ast-hfb-below-header-display":"","ast-hfb-mobile-header-display":"","site-post-title":"disabled","ast-breadcrumbs-content":"","ast-featured-img":"disabled","footer-sml-layout":"","ast-disable-related-posts":"","theme-transparent-header-meta":"default","adv-header-id-meta":"","stick-header-meta":"","header-above-stick-meta":"","header-main-stick-meta":"","header-below-stick-meta":"","astra-migrate-meta-layouts":"set","ast-page-background-enabled":"default","ast-page-background-meta":{"desktop":{"background-color":"var(--ast-global-color-5)","background-image":"","background-repeat":"repeat","background-position":"center center","background-size":"auto","background-attachment":"scroll","background-type":"","background-media":"","overlay-type":"","overlay-color":"","overlay-opacity":"","overlay-gradient":""},"tablet":{"background-color":"","background-image":"","background-repeat":"repeat","background-position":"center center","background-size":"auto","background-attachment":"scroll","background-type":"","background-media":"","overlay-type":"","overlay-color":"","overlay-opacity":"","overlay-gradient":""},"mobile":{"background-color":"","background-image":"","background-repeat":"repeat","background-position":"center center","background-size":"auto","background-attachment":"scroll","background-type":"","background-media":"","overlay-type":"","overlay-color":"","overlay-opacity":"","overlay-gradient":""}},"ast-content-background-meta":{"desktop":{"background-color":"var(--ast-global-color-4)","background-image":"","background-repeat":"repeat","background-position":"center center","background-size":"auto","background-attachment":"scroll","background-type":"","background-media":"","overlay-type":"","overlay-color":"","overlay-opacity":"","overlay-gradient":""},"tablet":{"background-color":"var(--ast-global-color-4)","background-image":"","background-repeat":"repeat","background-position":"center center","background-size":"auto","background-attachment":"scroll","background-type":"","background-media":"","overlay-type":"","overlay-color":"","overlay-opacity":"","overlay-gradient":""},"mobile":{"background-color":"var(--ast-global-color-4)","background-image":"","background-repeat":"repeat","background-position":"center center","background-size":"auto","background-attachment":"scroll","background-type":"","background-media":"","overlay-type":"","overlay-color":"","overlay-opacity":"","overlay-gradient":""}},"footnotes":""},"class_list":["post-989","page","type-page","status-publish","hentry"],"rttpg_featured_image_url":null,"rttpg_author":{"display_name":"Aberdare","author_link":"https:\/\/www.aberdare.co.za\/intelec\/author\/hughp\/"},"rttpg_comment":0,"rttpg_category":null,"rttpg_excerpt":"https:\/\/www.aberdare.co.za\/intelec\/wp-content\/uploads\/2025\/10\/Intelec-VIDEO-PROMOCIONAL-2025.mp4 Somos uma empresa com foco na qualidade de produto e servi\u00e7o oferecendo em suporte forma\u00e7\u00e3o antes, durante e ap\u00f3s [&hellip;]","_links":{"self":[{"href":"https:\/\/www.aberdare.co.za\/intelec\/wp-json\/wp\/v2\/pages\/989","targetHints":{"allow":["GET"]}}],"collection":[{"href":"https:\/\/www.aberdare.co.za\/intelec\/wp-json\/wp\/v2\/pages"}],"about":[{"href":"https:\/\/www.aberdare.co.za\/intelec\/wp-json\/wp\/v2\/types\/page"}],"author":[{"embeddable":true,"href":"https:\/\/www.aberdare.co.za\/intelec\/wp-json\/wp\/v2\/users\/1"}],"replies":[{"embeddable":true,"href":"https:\/\/www.aberdare.co.za\/intelec\/wp-json\/wp\/v2\/comments?post=989"}],"version-history":[{"count":176,"href":"https:\/\/www.aberdare.co.za\/intelec\/wp-json\/wp\/v2\/pages\/989\/revisions"}],"predecessor-version":[{"id":1787,"href":"https:\/\/www.aberdare.co.za\/intelec\/wp-json\/wp\/v2\/pages\/989\/revisions\/1787"}],"wp:attachment":[{"href":"https:\/\/www.aberdare.co.za\/intelec\/wp-json\/wp\/v2\/media?parent=989"}],"curies":[{"name":"wp","href":"https:\/\/api.w.org\/{rel}","templated":true}]}}